{"id":181,"date":"2017-08-28T18:00:44","date_gmt":"2017-08-28T18:00:44","guid":{"rendered":"http:\/\/www.maglaweb.com.ar\/castanas-en-almibar-marron-glace\/?page_id=181"},"modified":"2017-08-28T18:10:25","modified_gmt":"2017-08-28T18:10:25","slug":"recetario-y-delicias","status":"publish","type":"page","link":"https:\/\/www.maglaweb.com.ar\/castanas-en-almibar-marron-glace\/recetario-y-delicias\/","title":{"rendered":"Recetario y Delicias"},"content":{"rendered":"<p>A traves de los estudios que hemos hecho, encontramos una gran versatilidad en la utilizaci\u00f3n de las casta\u00f1as para la preparaci\u00f3n de distintos platos, postres y helados.A traves de los estudios que hemos hecho, encontramos una gran versatilidad en la utilizaci\u00f3n de las casta\u00f1as para la preparaci\u00f3n de distintos platos, postres y helados.<\/p>\n<p><img loading=\"lazy\" decoding=\"async\" src=\"http:\/\/www.maglaweb.com.ar\/castanas-en-almibar-marron-glace\/wp-content\/uploads\/2017\/08\/aplicacionesfoto.jpg\" alt=\"\" width=\"117\" height=\"95\" \/><\/p>\n<p>Adem\u00e1s del tradicional uso para la preparacin del Marr\u00f3n Glac\u00e9 que nos deleita cuando lo acompa\u00f1amos con una copa de champagne, las casta\u00f1as en alm\u00edbar pueden ser un excelente protagonista o partener en muchos platos, postres y helados. La casta\u00f1a es idealpara entradas y sopas; para relleno o guarnici\u00f3n de pavos y pollos; carnes de res, cerdo, conejo y para acompa\u00f1ar carnes de caza, tanto de pluma como de pelo; como relleno o protagonistas dentro de algunas masas para la preparaci\u00f3n de distintas pastas.<\/p>\n<p>En el mundo de los postres, tanto las casta\u00f1as como el pur\u00e9, pueden utilizarse en distintas tortas, tartas, roscas, panqueques, arrollados, alfajores y otras preparaciones. Especial menci\u00f3n debemos hacer sobre aquellas Helader\u00edas artesanales que preparan el helado de Ma-rron Glac\u00e9 y otros gustos que incluyen a las casta\u00f1as como protagonistas de preparaciones exclusivas, o utilizan las casta\u00f1as en alm\u00edbar para distintas copas heladas.<\/p>\n<p>&nbsp;<\/p>\n<p>Para quienes quieran saborearlas en forma directa, adem\u00e1s de comer las casta\u00f1as en alm\u00edbar o la crema de casta\u00f1as sin otros acompa\u00f1amientos, podemos decir que son ideales para servirlas con helado, queso crema, mascarpone y\/o queso cremoso.Tambi\u00e9n podemos mezclar tanto las casta\u00f1as en almibar como la crema de casta\u00f1as con yoghurt natural o de vainilla suave para tener un energ\u00e9tico y sabroso desayuno con la variante de untar la crema de casta\u00f1as sobre un pan tostado y una buena taza de chocolate o caf\u00e9 con leche.<\/p>\n<p><img loading=\"lazy\" decoding=\"async\" src=\"http:\/\/www.maglaweb.com.ar\/castanas-en-almibar-marron-glace\/wp-content\/uploads\/2017\/08\/aplicacionesfoto2.jpg\" alt=\"\" width=\"117\" height=\"94\" \/><br \/>\nPongase en contacto con nosotros para conocer las distintas posibilidades de elaboraci\u00f3n, que con gusto le acercaremos material para que pueda armar preparaciones de acuerdo a sus necesidades.<\/p>\n","protected":false},"excerpt":{"rendered":"<p>A traves de los estudios que hemos hecho, encontramos una gran versatilidad en la utilizaci\u00f3n de las casta\u00f1as para la preparaci\u00f3n de distintos platos, postres y helados.A traves de los estudios que hemos hecho, encontramos una gran versatilidad en la utilizaci\u00f3n de las casta\u00f1as para la preparaci\u00f3n de distintos platos, postres y helados. Adem\u00e1s del tradicional uso para la preparacin del Marr\u00f3n Glac\u00e9 que nos deleita cuando lo acompa\u00f1amos con una copa de champagne, las casta\u00f1as en alm\u00edbar pueden ser [&hellip;]<\/p>\n","protected":false},"author":1,"featured_media":0,"parent":0,"menu_order":0,"comment_status":"closed","ping_status":"closed","template":"","meta":{"footnotes":""},"class_list":["post-181","page","type-page","status-publish","hentry"],"aioseo_notices":[],"_links":{"self":[{"href":"https:\/\/www.maglaweb.com.ar\/castanas-en-almibar-marron-glace\/wp-json\/wp\/v2\/pages\/181","targetHints":{"allow":["GET"]}}],"collection":[{"href":"https:\/\/www.maglaweb.com.ar\/castanas-en-almibar-marron-glace\/wp-json\/wp\/v2\/pages"}],"about":[{"href":"https:\/\/www.maglaweb.com.ar\/castanas-en-almibar-marron-glace\/wp-json\/wp\/v2\/types\/page"}],"author":[{"embeddable":true,"href":"https:\/\/www.maglaweb.com.ar\/castanas-en-almibar-marron-glace\/wp-json\/wp\/v2\/users\/1"}],"replies":[{"embeddable":true,"href":"https:\/\/www.maglaweb.com.ar\/castanas-en-almibar-marron-glace\/wp-json\/wp\/v2\/comments?post=181"}],"version-history":[{"count":2,"href":"https:\/\/www.maglaweb.com.ar\/castanas-en-almibar-marron-glace\/wp-json\/wp\/v2\/pages\/181\/revisions"}],"predecessor-version":[{"id":203,"href":"https:\/\/www.maglaweb.com.ar\/castanas-en-almibar-marron-glace\/wp-json\/wp\/v2\/pages\/181\/revisions\/203"}],"wp:attachment":[{"href":"https:\/\/www.maglaweb.com.ar\/castanas-en-almibar-marron-glace\/wp-json\/wp\/v2\/media?parent=181"}],"curies":[{"name":"wp","href":"https:\/\/api.w.org\/{rel}","templated":true}]}}