{"id":174,"date":"2017-08-28T13:28:59","date_gmt":"2017-08-28T13:28:59","guid":{"rendered":"http:\/\/www.maglaweb.com.ar\/castanas-en-almibar-marron-glace\/?page_id=174"},"modified":"2017-08-28T13:28:59","modified_gmt":"2017-08-28T13:28:59","slug":"castanas-magla-en-brasil","status":"publish","type":"page","link":"http:\/\/www.maglaweb.com.ar\/castanas-en-almibar-marron-glace\/eventos\/castanas-magla-en-brasil\/","title":{"rendered":"CASTA\u00d1AS MAGLA EN BRASIL"},"content":{"rendered":"<p>Casta\u00f1as Magla estuvo presente con sus productos en el marco del V Seminario \u201cTendencias do mundo do sorvete\u201d llevado a cabo en la EXPO GRAMADO 2014 en Gramado &#8211; Rio Grande do Sul \u2013 Brasil durante los d\u00edas 29 a 31 de Agosto 2014.<br \/>\nEn efecto, en las fotos puede apreciarse al maestro heladero con un frasco de nuestras Casta\u00f1as en Alm\u00edbar y una preparaci\u00f3n de muestra.<br \/>\nDesde ya agradecemos a nuestros amigos brasile\u00f1os, en particular a Publitec quien fue la organizadora de este evento.<\/p>\n<p><img loading=\"lazy\" decoding=\"async\" src=\"http:\/\/www.maglaweb.com.ar\/castanas-en-almibar-marron-glace\/wp-content\/uploads\/2017\/08\/brasil1.jpg\" alt=\"\" width=\"185\" height=\"249\" \/>\u00a0\u00a0<img loading=\"lazy\" decoding=\"async\" src=\"http:\/\/www.maglaweb.com.ar\/castanas-en-almibar-marron-glace\/wp-content\/uploads\/2017\/08\/brasil2.jpg\" alt=\"\" width=\"189\" height=\"249\" \/><\/p>\n<p>&nbsp;<\/p>\n","protected":false},"excerpt":{"rendered":"<p>Casta\u00f1as Magla estuvo presente con sus productos en el marco del V Seminario \u201cTendencias do mundo do sorvete\u201d llevado a cabo en la EXPO GRAMADO 2014 en Gramado &#8211; Rio Grande do Sul \u2013 Brasil durante los d\u00edas 29 a 31 de Agosto 2014. En efecto, en las fotos puede apreciarse al maestro heladero con un frasco de nuestras Casta\u00f1as en Alm\u00edbar y una preparaci\u00f3n de muestra. Desde ya agradecemos a nuestros amigos brasile\u00f1os, en particular a Publitec quien fue [&hellip;]<\/p>\n","protected":false},"author":1,"featured_media":0,"parent":24,"menu_order":0,"comment_status":"closed","ping_status":"closed","template":"","meta":{"footnotes":""},"class_list":["post-174","page","type-page","status-publish","hentry"],"aioseo_notices":[],"_links":{"self":[{"href":"http:\/\/www.maglaweb.com.ar\/castanas-en-almibar-marron-glace\/wp-json\/wp\/v2\/pages\/174","targetHints":{"allow":["GET"]}}],"collection":[{"href":"http:\/\/www.maglaweb.com.ar\/castanas-en-almibar-marron-glace\/wp-json\/wp\/v2\/pages"}],"about":[{"href":"http:\/\/www.maglaweb.com.ar\/castanas-en-almibar-marron-glace\/wp-json\/wp\/v2\/types\/page"}],"author":[{"embeddable":true,"href":"http:\/\/www.maglaweb.com.ar\/castanas-en-almibar-marron-glace\/wp-json\/wp\/v2\/users\/1"}],"replies":[{"embeddable":true,"href":"http:\/\/www.maglaweb.com.ar\/castanas-en-almibar-marron-glace\/wp-json\/wp\/v2\/comments?post=174"}],"version-history":[{"count":1,"href":"http:\/\/www.maglaweb.com.ar\/castanas-en-almibar-marron-glace\/wp-json\/wp\/v2\/pages\/174\/revisions"}],"predecessor-version":[{"id":177,"href":"http:\/\/www.maglaweb.com.ar\/castanas-en-almibar-marron-glace\/wp-json\/wp\/v2\/pages\/174\/revisions\/177"}],"up":[{"embeddable":true,"href":"http:\/\/www.maglaweb.com.ar\/castanas-en-almibar-marron-glace\/wp-json\/wp\/v2\/pages\/24"}],"wp:attachment":[{"href":"http:\/\/www.maglaweb.com.ar\/castanas-en-almibar-marron-glace\/wp-json\/wp\/v2\/media?parent=174"}],"curies":[{"name":"wp","href":"https:\/\/api.w.org\/{rel}","templated":true}]}}